ivisor of 63 and n.
21
Suppose -16 = -r + 8. Let m(w) be the second derivative of w**3/6 - 7*w**2/2 - 7*w. Let x be m(10). What is the highest common factor of x and r?
3
Let b be (-8)/(-20) - ((-1071)/35 + 1). Calculate the greatest common factor of b and 20.
10
Let h be 4*(1 + (-3)/12). Suppose -7*l = -h*l - 24. What is the greatest common divisor of 48 and l?
6
Let x(g) = 6*g**2 - 14*g + 9. Let f be x(4). Calculate the greatest common factor of 28 and f.
7
Suppose -r - 18 = -h, 5*h + 2*r = 5*r + 82. What is the highest common divisor of h and 2?
2
Let o = 19 + -16. Let f(s) = -109*s**3 + 5*s**2 - 4*s**2 - o*s + 1 + 4*s. Let i be f(-1). Calculate the highest common divisor of i and 22.
22
Suppose -3*h = -2*h. Suppose 3*n + 12 = h, -2*f + 3*n = -0*f - 16. Suppose -a - 1 = -f, -d + 5*a = 0. What is the highest common factor of 15 and d?
5
Let r be 23 + (-150)/(-20)*(-2)/3. Suppose 0 = -3*l + 4*l - 4. Suppose -l*f + 6 = 2*z, z - f = 4*z - 24. Calculate the highest common factor of z and r.
9
Suppose -161 = -4*z + 467. Suppose 5*c - 569 - 211 = -4*u, u - z = -c. Let n = 24 - -14. Calculate the highest common divisor of n and c.
38
Suppose 60 = 3*r - 8*r. Let o = r + 41. Suppose o*k = 28*k + 39. Calculate the highest common factor of k and 78.
39
Suppose -r + 25 = 3*r + 3*p, r + 3*p = -5. Let n be 486/8 - 2*5/(-40). Let h = -57 + n. Calculate the highest common factor of r and h.
2
Suppose 46 = 3*g - 2*m - 89, 2*g = -4*m + 74. Let c be (1 - -32)/((-108)/(-1548)). Calculate the greatest common factor of g and c.
43
Let r(y) = -3*y - 16. Let w be r(-12). Suppose w + 142 = 9*n. What is the greatest common divisor of n and 198?
18
Let z be 6/3 - 392 - 0. Let u be z/(-91) + (-4)/14. Let s = 13 + u. What is the greatest common factor of s and 51?
17
Suppose 5*b = 642 + 33. Suppose -1984 = -29*t - 14*t + 338. What is the highest common factor of t and b?
27
Let g(m) = 100*m**3 - 5*m**2 + 11*m - 13. Let w be g(3). What is the highest common divisor of 25 and w?
25
Suppose f + n = 14, 2*n = 3*f - 0*n - 27. Let i be (-8)/12 - 167/(-3). What is the highest common divisor of i and f?
11
Suppose 0 = 3*x + 129*w - 133*w - 590, -4*x + w + 791 = 0. What is the highest common divisor of 72 and x?
18
Suppose 0 = 2*p + 4, -2*l = -4*l + 3*p + 490. Suppose -14*c = -10*c - 16, 4*c - 126 = -5*j. Calculate the greatest common factor of l and j.
22
Let n(q) = -10*q**3 + 63*q**2 - 15*q + 5. Let r be n(6). Calculate the highest common divisor of r and 368.
23
Suppose 4*z + 889 + 167 = 0. Let g be (0 - (2/4 + 0))*z. What is the greatest common divisor of g and 12?
12
Suppose 5*r - 10 = 3*r. Let i = 17 + -2. Calculate the greatest common factor of r and i.
5
Let u = 153 - 144. What is the highest common factor of 18 and u?
9
Let s(d) = -d + 7. Let f be s(6). Let q be 1 + (f*-39)/(-3). Let t(m) = 23*m + 1. Let w be t(3). What is the highest common factor of q and w?
14
Suppose -3*r + 702 = 3*l, 951 = 8*r - 4*r - l. Calculate the greatest common divisor of r and 3.
3
Suppose -39 = -f - 3*h, -f + 2*f - 39 = -h. What is the highest common divisor of 741 and f?
39
Suppose 7*y = 124 - 47. Calculate the greatest common divisor of y and 715.
11
Let d = -54 - -409. Suppose -d - 773 = -8*x. What is the highest common divisor of 94 and x?
47
Let i = 527 - 312. Suppose 9*b - 6*b + j - 258 = 0, 258 = 3*b + 2*j. Calculate the highest common divisor of b and i.
43
Let t = -33 + -5. Let r = -30 - t. What is the highest common factor of r and 56?
8
Let f = 829 - 807. Calculate the greatest common divisor of f and 110.
22
Suppose -72 = 7*o - 156. What is the greatest common divisor of o and 84?
12
Suppose 3*p = -s + 5*s - 223, 5*s + p = 274. Suppose 3*w + 7 = 22. Suppose -10*q = -w*q - s. Calculate the greatest common divisor of 33 and q.
11
Suppose -2*g - g = -0*g. Suppose g*x + 20 = x + 5*l, -5*l + 60 = 5*x. What is the highest common factor of x and 10?
10
Let f be 5676/86 - 2/1. Calculate the greatest common divisor of 416 and f.
32
Let y = -54 - -50. Let r = y + 24. What is the highest common divisor of r and 140?
20
Let j = 26 + 6. Suppose 4 = 4*l - 2*l, r - 2*l + 12 = 0. Let v = r + j. What is the greatest common divisor of v and 48?
24
Suppose 3*z - 5*s = -0*z + 23, -3*z + 14 = 4*s. Suppose -o = -z - 3. Calculate the greatest common divisor of 9 and o.
9
Suppose -17*s = -16*s + 38. Let w = -32 - s. Calculate the greatest common divisor of w and 24.
6
Let l = 1 + 7. Suppose 4*a - 260 = -3*r, -r + 3*a - 7 + 98 = 0. Calculate the greatest common divisor of l and r.
8
Suppose -2*t + 6 = 10. Let n be (-1696)/(-40) + (0 - t/(-5)). What is the highest common divisor of 14 and n?
14
Let i be -13*1*(3 - 2). Let z = 16 + i. Suppose -z = 2*a - 11. Calculate the greatest common factor of 12 and a.
4
Suppose 0 = 12*u - 18*u + 30. Suppose 7*p = u*p + 50. Calculate the greatest common factor of 25 and p.
25
Let q = 16 - 14. Let w be (-5)/(-4 - 1) + q. Suppose 0 = w*j - 26 - 13. What is the greatest common factor of 143 and j?
13
Suppose 2*y - 2*l = 2*l + 100, -5*l = -25. Let z = y - -55. Calculate the highest common divisor of 23 and z.
23
Let b be ((-320)/15)/8*(-21)/2. Let i = 29 - b. What is the highest common divisor of 9 and i?
1
Suppose -4*l + 5*a = -16, -5*a - 8 = -4*l + 2*l. Let y be -1*l*33/(-6). Let p(w) = -7*w + 13. Let b be p(-6). Calculate the greatest common factor of b and y.
11
Suppose -29 = -f + 3. Suppose -2*o + 8 = -0*o. Suppose o*r + 4 = -4*a, 4*r - 1 = 5*a - 8*a. What is the greatest common divisor of r and f?
4
Suppose 29*a = 31*a - 136. What is the highest common factor of a and 221?
17
Let x be ((-4)/10)/(4 - 205/50). What is the greatest common factor of x and 156?
4
Let r be (-3839)/(-77) + (-1)/(-7). Calculate the greatest common divisor of r and 40.
10
Let w(z) = -z**2 + 13*z + 1. Let p = -19 - -21. Suppose 5*c = -4*l + 69, -2*l - 14 = -p*c + 10. Let u be w(c). Calculate the highest common factor of u and 7.
1
Let m be (3 + 15)*(-2)/(-6). Let z be (-105)/5*(0 + -2). Calculate the highest common factor of m and z.
6
Suppose -m - 59 = -4*a, 2*m + 29 + 25 = 4*a. Suppose -i - 226 + 306 = 0. What is the highest common factor of i and a?
16
Suppose 6 = 5*a + 2*t, -2*t = 2*a - t - 2. Let c(j) = j - 1 + 0 - 2 - a. Let k be c(8). What is the highest common divisor of k and 12?
3
Let w = 113 + -121. Let b = 33 + -46. Let y = w - b. Calculate the highest common divisor of 10 and y.
5
Suppose 2*a = 3*f - 421, -132 = -f - 0*a - a. Suppose 0 = -2*q + f - 57. Calculate the highest common factor of 5 and q.
5
Let t(h) = h**3 - 23*h**2 + 42*h + 3. Let s be t(21). What is the greatest common divisor of s and 24?
3
Let j(h) = h - 9. Let n be j(7). Let k be (n + 14/6)*27. Let g be (-5773)/(-92) + 0 + (-1)/(-4). What is the highest common factor of k and g?
9
Let g(k) = -24*k - 24. Let p be g(-2). Calculate the highest common divisor of 568 and p.
8
Suppose -27*z + 4675 = 1273. What is the greatest common factor of z and 1638?
126
Let m(z) = z**2 + 4*z - 3. Let g be m(-5). Suppose -11 = -3*i - 11. Suppose -3*r + 7 + 41 = i. What is the highest common divisor of r and g?
2
Suppose -4*n + 155 = a, 0 = 4*n - 8*a + 5*a - 143. Let m = -194 - -384. Calculate the greatest common divisor of n and m.
38
Suppose 0 = -3*o + u + 1735, -20*o = -25*o + 5*u + 2895. Calculate the highest common factor of 34 and o.
34
Let d(h) = 13*h - 152. Let f be d(14). Calculate the highest common factor of f and 1065.
15
Suppose 44 = 5*d + 2*o, 3*o - 2*o - 10 = -d. Let x(h) = 52*h + 1000. Let g be x(-18). Calculate the highest common divisor of d and g.
8
Let o be 2 + (13 - (-3 - -3)). Suppose -5 = 5*d - o. Suppose -2*s = -d*k + s + 15, -27 = -5*k + 4*s. What is the highest common divisor of k and 1?
1
Suppose -3*g - 3*i + 126 = 0, 3*g + g - 2*i = 150. Calculate the highest common factor of 195 and g.
39
Let k(w) = -2*w**3 + 26 + 21*w**2 + 10*w**3 - 7*w**3 - 23*w. Let a be k(-22). What is the highest common factor of 16 and a?
16
Suppose -5*g + 3*j = -377 - 223, 4*g + 3*j - 453 = 0. Calculate the highest common factor of g and 312.
39
Let n be -1*(-62)/(-2)*-1. Calculate the greatest common divisor of n and 589.
31
Let t = 37 - 15. Let n = -172 + 260. Calculate the greatest common divisor of n and t.
22
Let p = -117